{"id":8,"date":"2019-06-07T11:32:40","date_gmt":"2019-06-07T11:32:40","guid":{"rendered":"http:\/\/www.sutahlina.cz\/?page_id=8"},"modified":"2020-08-24T07:45:00","modified_gmt":"2020-08-24T07:45:00","slug":"o-nas","status":"publish","type":"page","link":"https:\/\/www.sutahlina.cz\/index.php\/o-nas\/","title":{"rendered":"O n\u00e1s"},"content":{"rendered":"<p>Vid\u00edme na mnoha m\u00edstech hromady hl\u00edny, hromady suti, kter\u00fdch se lid\u00e9 pot\u0159ebuj\u00ed zbavit. A do toho v\u00edme o lidech, kte\u0159\u00ed sh\u00e1n\u00ed hl\u00ednu na vyrovn\u00e1n\u00ed ter\u00e9nu, p\u0159\u00edpadn\u011b sh\u00e1n\u00ed su\u0165 na zavezen\u00ed j\u00e1my. No &#8211; a na\u0161\u00edm c\u00edlem je, abychom tyto lidi na t\u011bchto str\u00e1nk\u00e1ch propojili.<\/p>\n","protected":false},"excerpt":{"rendered":"<p>Vid\u00edme na mnoha m\u00edstech hromady hl\u00edny, hromady suti, kter\u00fdch se lid\u00e9 pot\u0159ebuj\u00ed zbavit. A do toho v\u00edme o lidech, kte\u0159\u00ed sh\u00e1n\u00ed hl\u00ednu na vyrovn\u00e1n\u00ed ter\u00e9nu, p\u0159\u00edpadn\u011b sh\u00e1n\u00ed su\u0165 na zavezen\u00ed j\u00e1my. No &#8211; a na\u0161\u00edm c\u00edlem je, abychom tyto lidi na t\u011bchto str\u00e1nk\u00e1ch propojili.<\/p>\n","protected":false},"author":1,"featured_media":0,"parent":0,"menu_order":0,"comment_status":"closed","ping_status":"closed","template":"","meta":[],"_links":{"self":[{"href":"https:\/\/www.sutahlina.cz\/index.php\/wp-json\/wp\/v2\/pages\/8"}],"collection":[{"href":"https:\/\/www.sutahlina.cz\/index.php\/wp-json\/wp\/v2\/pages"}],"about":[{"href":"https:\/\/www.sutahlina.cz\/index.php\/wp-json\/wp\/v2\/types\/page"}],"author":[{"embeddable":true,"href":"https:\/\/www.sutahlina.cz\/index.php\/wp-json\/wp\/v2\/users\/1"}],"replies":[{"embeddable":true,"href":"https:\/\/www.sutahlina.cz\/index.php\/wp-json\/wp\/v2\/comments?post=8"}],"version-history":[{"count":2,"href":"https:\/\/www.sutahlina.cz\/index.php\/wp-json\/wp\/v2\/pages\/8\/revisions"}],"predecessor-version":[{"id":52,"href":"https:\/\/www.sutahlina.cz\/index.php\/wp-json\/wp\/v2\/pages\/8\/revisions\/52"}],"wp:attachment":[{"href":"https:\/\/www.sutahlina.cz\/index.php\/wp-json\/wp\/v2\/media?parent=8"}],"curies":[{"name":"wp","href":"https:\/\/api.w.org\/{rel}","templated":true}]}}

O nás

<p>Vidíme na mnoha místech hromady hlíny, hromady suti, kterých se lidé potřebují zbavit. A do toho víme o lidech, kteří shání hlínu na vyrovnání terénu, případně shání suť na zavezení jámy. No &#8211; a naším cílem je, abychom tyto lidi na těchto stránkách propojili.</p>
